ime factors of f/(-4) + 3 - h.
29
Suppose -2*g + 3 = 5*k - 17, 4*k = -5*g + 16. Suppose -k*o = -0*i - 2*i + 30, 8 = -4*o. List the prime factors of i - (3 + -3 + -1).
2, 3
Let k(x) = 3*x**2 - 14*x + 9. Let d(n) = -4*n**2 + 14*n - 9. Let s(y) = 2*d(y) + 3*k(y). What are the prime factors of s(14)?
3
Suppose -24 = -b + 11. Let i = 35 + b. List the prime factors of i.
2, 5, 7
Let m(a) = -2*a + 14. Let u be m(-3). Suppose 5*c - u - 35 = 0. What are the prime factors of c?
11
Let m = -45 + 44. List the prime factors of 8 - 6 - (90/m)/1.
2, 23
Let c = -594 - -862. What are the prime factors of c?
2, 67
Let o be ((-2)/4)/((-3)/(-36)) - -1. Let m(k) = -3*k - 2*k + k**2 + k - 6. List the prime factors of m(o).
3, 13
Suppose 6*y = y. Suppose 0 = 3*i - y*i - 150. List the prime factors of i.
2, 5
Suppose 0 = 17*h - 20*h + 213. Let a = h - 51. What are the prime factors of a?
2, 5
Suppose 3*a - 3*q + 27 = -0*a, -3*a + 5*q - 35 = 0. Let n(h) = -13*h - 17. What are the prime factors of n(a)?
2, 3
Let a = -3465 + 5062. What are the prime factors of a?
1597
Let o(i) = 3*i**2 + 2*i - 7. Let m be o(-3). Let l = m + 45. List the prime factors of l.
59
Suppose -4*p = -2*p - 808. What are the prime factors of p?
2, 101
Let k be 3 - 4*31*-2. Suppose 121 = 4*n - k. Suppose 2*f = -4*x + 68, x - n = -3*f - 2*x. What are the prime factors of f?
2, 7
Let c be (2 + 2)*(-174)/(-8). Let j = c + 21. What are the prime factors of j?
2, 3
Suppose -11756 = -24*y + 53740. What are the prime factors of y?
2729
Suppose -5*y - 5 = 0, -3*z + 8*y - 3*y = 451. What are the prime factors of (5/20 - 1)*z?
2, 3, 19
Let k be 3/((-12)/8 - -3). Let p(q) = -q + k*q - 12 + q - 10. What are the prime factors of p(15)?
2
Let k be (-30)/50 + (-3 - 478/(-5)). Let w(r) = r**2 + 4*r + 2. Let b be w(-5). Suppose k = 9*p - b*p. What are the prime factors of p?
2, 23
Suppose y + 60 = -y. Let b = -27 - y. Suppose x - p = p + 13, -b*x - 2*p + 7 = 0. What are the prime factors of x?
5
List the prime factors of 3*((-5)/(15/(-1479)) + 5).
2, 3, 83
Let p = 106 + -106. Suppose 66 = 4*m + 2*g, p = 4*m - 4*g - g - 31. List the prime factors of m.
2, 7
Suppose -1544 - 3755 = -7*u. What are the prime factors of u?
757
Let v = -100 - -551. List the prime factors of v.
11, 41
Suppose 0*j = 4*j - 28. Suppose -3*w + j = m, -3*m = -w - w + 23. Suppose 103 + 1 = w*o. What are the prime factors of o?
2, 13
What are the prime factors of (2 + -3)/((-14)/7770)?
3, 5, 37
Let c = 19 + -34. Let f = c - -46. Suppose -j + 10 = -f. List the prime factors of j.
41
Suppose -7 = i + a + 4*a, i - 5 = a. Suppose j - 3*q + 3 = -5, 2*q - i = j. Suppose 2*r - 23 = -j. What are the prime factors of r?
2
Let i be 21/(-105) + 3932/10. Suppose -31*s + 28*s + i = 0. List the prime factors of s.
131
Let x(b) = 2*b + 2*b**2 + 1 + b + 0*b**2. Let t(m) = m**2 + 10*m - 26. Let n be t(-12). What are the prime factors of x(n)?
3
Let u(g) = -62*g**3 - 5 + 4 + 32*g**3 - 33*g**3 - 2*g. Let f(b) = -2*b - 3. Let x be f(-1). What are the prime factors of u(x)?
2
Let l be (96/30)/((-4)/(-30)). Let z(a) = -15*a - 28. Let g be z(-12). List the prime factors of 16/l + g/6.
2, 13
Let w = 77 + -62. Suppose 0 = -5*v + 2*v + w, 0 = 3*s - v - 496. What are the prime factors of s?
167
Suppose -3*b = -7*b + 1004. What are the prime factors of b?
251
Let u be 0/2 + 7/(7/3). Suppose 0 = u*o - r + 5*r - 239, -3*r + 6 = 0. List the prime factors of o.
7, 11
Let f = 180 + -124. Suppose 2*n = -2*n + f. List the prime factors of n.
2, 7
Let w(t) = -4*t**2 - 114*t + 27. What are the prime factors of w(-28)?
83
List the prime factors of (-12)/2 - (-453 + -8).
5, 7, 13
Let g(b) = -16*b + 189. List the prime factors of g(4).
5
Suppose 4*w - 336 = -4*v, 5*v - 74 = 4*v + 4*w. Suppose -2*u - v = -4*j, j - 5*u + 0*u = 25. List the prime factors of j.
2, 5
Let j(t) = 93*t**2 - t. Let a be j(1). Suppose -5*r = -4*d + 374, -r + a = d - 3*r. What are the prime factors of d?
2, 3
Let a(y) = 12*y**2 - 3*y + 11. Let r = -54 + 50. What are the prime factors of a(r)?
5, 43
Suppose -3 = -l - 2*l. Suppose -5*q + 2*n + l + 9 = 0, -5*q + n = -10. Let z = 27 + q. What are the prime factors of z?
29
Suppose 5*x = -294 - 536. Let q = x + 254. List the prime factors of q.
2, 11
List the prime factors of (-10)/25 - (2424/(-10) - 2).
2, 61
Let i(n) = -11*n - 6. Let b be i(-10). Suppose -9*w - b = -11*w. What are the prime factors of w?
2, 13
Let a(c) be the second derivative of -c**5/20 - c**4/2 + 11*c**3/6 - 5*c**2/2 + 9*c. What are the prime factors of a(-8)?
5, 7
Let x(a) = a**2 + 3*a + 3. Let u be x(-2). What are the prime factors of 11 - (0/(-1) + u)?
2, 5
Let u(q) = 2*q**2 - 4*q - 37. Let c = 1 + -12. What are the prime factors of u(c)?
3, 83
Let i be (-311)/(-4) - (45/12 - 4). Suppose -4*l + 506 = i. What are the prime factors of l?
107
Suppose 7*w + 255 = 4*w. Let g be 9*(-4 - w/15). What are the prime factors of (g/(-30))/(2/(-292))?
73
What are the prime factors of (-4)/30 - (-31510)/75?
2, 3, 5, 7
Suppose -2*v + 0*v = -2*x + 118, 4*v = 0. Let c = -44 + x. List the prime factors of c.
3, 5
Let z = -329 - -492. Suppose 2*j = 4*m - 480, z = 4*m + j - 311. What are the prime factors of m?
7, 17
Let h be ((-48)/(-2))/(-3) - 2. Let q be h/(-2)*2/5. Suppose 4*m - 97 = 3*f, q*f - 1 = -7. List the prime factors of m.
2, 11
Suppose -2*d + 0*r = 5*r - 269, 4*d = 3*r + 473. List the prime factors of d.
2, 61
Let w = 119 - 64. Suppose 10*n + w = 15*n. What are the prime factors of n?
11
List the prime factors of 143/((-42)/24 + (2 - 0)).
2, 11, 13
Suppose 29 + 63 = a. Suppose m = 5*m - a. What are the prime factors of m?
23
Let a = 5144 - 2471. What are the prime factors of a?
3, 11
Let b(m) = -m - 7*m**2 + 6*m**2 + 8*m. Let k be b(7). Suppose k = -g + r + 25, -2*g = -5*g - 3*r + 81. What are the prime factors of g?
2, 13
Let h(g) = g + 0 + g + 1 - g. Let m be h(1). Let p(r) = 3*r**3 - r**2 - 2*r + 1. List the prime factors of p(m).
17
Suppose -5*r = -0 - 5. What are the prime factors of (0/(-3) - r) + 141?
2, 5, 7
Let f be 1/(5/11)*5. Let k = f + 11. Suppose 3*h - k - 14 = 0. What are the prime factors of h?
2, 3
Suppose 10*r + 6*r = 11008. What are the prime factors of r?
2, 43
Suppose -76 = 3*m + m. Let b = m + 31. What are the prime factors of b?
2, 3
Let p be (0 - 0/(-2))/(10/5). Suppose p = 3*u - 8*u - w + 214, 0 = -u + 4*w + 26. What are the prime factors of u?
2, 3, 7
Suppose -4*q + q - 8 = -y, -2 = 4*q + 3*y. Let f = q + -2. List the prime factors of 27*-2*f/12.
2, 3
Let y = 18 - -17. Let m = 47 - y. List the prime factors of m.
2, 3
Suppose -4*i + 5*h = -347, 0 = i + 2*h - 4*h - 89. Let c = 140 - i. List the prime factors of c.
3, 19
Suppose 0 = -2*q + 2 - 0. Let c be 2 + (1 - q - -1). Suppose -3*x + 168 = -c*y, 3*y + 144 = 3*x + 6*y. What are the prime factors of x?
2, 13
Let r(u) = -6*u**3 - 10*u**2 - 17*u + 16. What are the prime factors of r(-7)?
13, 131
What are the prime factors of -6 - (3 - (1719 - 3))?
3, 569
Let x be (8 + 7)*-1*1. Let r be (-3)/(-1)*2/3. What are the prime factors of r*(-1 - x - -3)?
2, 17
Let c(w) = w**3 + 11*w**2 + 3*w + 14. Let j be c(-11). Let f = -5 - j. Let z(s) = -s**3 + 15*s**2 - 10*s - 16. List the prime factors of z(f).
2, 5
Let k(q) = q**3 + 6*q**2 - 2*q - 7. Let t be k(-6). Suppose -t*l + 9 + 46 = 0. Let a = 33 - l. List the prime factors of a.
2, 11
Let z(f) = 2*f**3 + f**2 - 6*f + 3. What are the prime factors of z(5)?
2, 31
Suppose 14*v = 5*v - 9. What are the prime factors of 3 + (-2 - -1) - (-210 - v)?
211
Suppose -1 = -g, -52*g = s - 55*g - 1399. What are the prime factors of s?
2, 701
Let m(x) = -5*x - 1. Let y be m(-1). Suppose -y*d + a = 4*a - 403, d = -a + 100. What are the prime factors of d?
103
Let m(h) = -16*h + 14. Let q be m(-3). Suppose -288 = -4*x + 2*g, -3*x = 4*g - 289 + q. What are the prime factors of x?
73
Let t = -352 - -1291. List the prime factors of t.
3, 313
Suppose 4*k = 3*d + 23, 5*d + 10 = 3*k + 1. List the prime factors of k/(-6)*(-4 + (-350)/4).
2, 61
Let v(w) be the third derivative of w**6/60 + 13*w**5/30 - w**4/4 + 14*w**3/3 + 2*w**2 + 9*w. List the prime factors of v(-13).
2, 53
Let j(a) = -2*a**3 + 57*a**2 + 68*a + 42. What are the prime factors of j(29)?
3, 17, 23
Let o = 12 + -9. Suppose 5*j = -g + 75, 9*j 